. Let p be a(u). Calculate the greatest common divisor of p and 84.
12
Let y = -16 - -67. Suppose 20 + 9 = -f. Let l = y + f. What is the greatest common factor of l and 11?
11
Let y = -76 - -113. Suppose 2*g - y = -5*s, -4*s - 2*g + 45 = 17. Let l be -1 + (-6)/(-2) + 25. What is the highest common divisor of l and s?
9
Suppose 174 = 2*w - 2*h - 0*h, -12 = -4*h. Calculate the highest common divisor of 10 and w.
10
Let y be 5/((-1)/(-2 - -3)). Let p(h) = 5*h**2 + h. Let n be p(y). Let j be (n/12)/(2/20). Calculate the greatest common divisor of 40 and j.
20
Let d(h) = -h**2 + 30*h - 26. Let b be d(27). Suppose 158 + 232 = 5*f + 2*v, 0 = -f - 5*v + b. Calculate the highest common divisor of 48 and f.
16
Let h be 4/2 + (-1 - -3). Let a be h/(-6) + (-402)/(-9). Let p(i) = -i**2 + 5*i + 28. Let o be p(8). Calculate the highest common factor of o and a.
4
Suppose 0 = -7*z + 9 + 12. What is the greatest common factor of z and 17?
1
Let r be 2382*(4 + (-12)/9). Let m be r/48 + 1/(-3)*1. What is the greatest common factor of m and 33?
33
Let k(a) = a**3 - 5*a**2 - 6. Let d be k(6). Suppose 0 = 12*o + 4*o - 480. Calculate the greatest common factor of d and o.
30
Let v = 26 - 22. Let q be 4 + (-20)/v + 79. Calculate the highest common factor of q and 6.
6
Let u be (-315)/(-6) - 2/4. Calculate the highest common factor of u and 351.
13
Suppose t + 4*a = 31, -2*a + 36 = 5*t - 29. Let d = 401 + -280. Calculate the greatest common divisor of d and t.
11
Suppose 14 = 2*v - 14. Calculate the highest common divisor of 56 and v.
14
Suppose 1232 = -9*f + 25*f. What is the highest common divisor of 11 and f?
11
Let g = 519 + -407. What is the greatest common factor of g and 16?
16
Let m be (-7 - 1)/(14 - 16). Suppose -m*d = -18 + 6. Calculate the highest common factor of 21 and d.
3
Let m be (-4045)/(-10) - 9/(-6). Calculate the highest common factor of m and 174.
58
Let m(x) be the second derivative of -x**4/12 + 3*x**3 - 13*x**2/2 - x. Let r be m(9). Suppose -218 = -5*q - r. What is the highest common divisor of q and 330?
30
Let m = -19 - -64. Let d be (-1 - (-10)/4)*(-22)/(-11). Suppose 4*l = 3*u - 35, l = -4*u - d*l + 28. What is the greatest common divisor of m and u?
9
Let z be 3/(4/((-2184)/(-9))). Let m = -17 - -31. Calculate the greatest common divisor of m and z.
14
Suppose -2*m + 70 = -58. What is the highest common divisor of m and 48?
16
Let o(x) = 17*x - 3. Let j be o(1). Suppose -3*y = -2*y - j. Calculate the highest common divisor of 28 and y.
14
Let j be (-96)/15*(-36 + 1). Suppose -51*h + 53*h = j. What is the highest common factor of 56 and h?
56
Let d = -567 - -985. Suppose 5*j = 1693 - d. Suppose 4*f + 31 - j = 0. Calculate the highest common factor of 8 and f.
8
Suppose 5*l = 9*v - 5*v - 72, -4*v = -2*l - 72. What is the highest common factor of v and 96?
6
Let w be 14*2 - (4 - 12/2). Suppose -4*h - 13 + 41 = f, -5*f + w = -2*h. What is the highest common divisor of f and 72?
8
Suppose -3*l - 37 = 3*p - 163, p = 2*l - 84. Calculate the highest common factor of 574 and l.
14
Suppose -30 = 4*t - 19*t. Let s(k) = 11*k**3 - 2*k**2 + 1. Let m be s(1). Calculate the greatest common divisor of m and t.
2
Let v be (-98)/(-5) - ((-126)/(-35))/6. Suppose -3*d + 3*c - 21 = 0, -2*d - 5*c + 15 = 3*d. Let n = v + d. What is the greatest common factor of n and 136?
17
Suppose -8*w = -13*w - 2*n + 74, 0 = 2*w - n - 26. Calculate the greatest common divisor of 63 and w.
7
Suppose -2*h - 2*q + 802 = h, -5*h = 5*q - 1330. What is the greatest common divisor of h and 9?
9
Suppose 0*p + 2 = p. Let o = p - 1. Suppose 11 = 4*s - o. Calculate the highest common factor of s and 2.
1
Suppose -6*c + 3*c = -114. Let g = -17 + c. What is the highest common factor of 147 and g?
21
Let i(o) = -o**3 + 4*o + 1. Let x be i(2). Let g be x*35 - (-6 - -8). What is the greatest common factor of 33 and g?
33
Let x = -35 - -33. Let h(p) = -3*p**3 + 4*p**2 + 4*p + 3. Let r be h(x). Let t be 28/6 + (-2)/(-6). What is the highest common factor of t and r?
5
Suppose 0 = -5*x - t + 119, 2*t = -4*x - 0*x + 100. Calculate the highest common factor of 391 and x.
23
Suppose -1070 = -5*i - 5*z, -5*z = 2*i + 2*i - 854. Calculate the highest common factor of i and 27.
27
Let o(c) = -c**3 - 8*c**2 + 9*c + 2. Let p be o(-9). Suppose p*n = n + 10. What is the highest common divisor of 10 and n?
10
Let x = 13 + -10. Let m be (4/3 - 2)*x. Let h be (7/(-3))/(m/12). Calculate the greatest common factor of h and 126.
14
Let f = -27 + 27. Let u(j) = -j + 3. Let x be u(f). Suppose 0*z + 64 = 2*z - 4*w, z - 8 = -4*w. What is the highest common factor of z and x?
3
Let g(q) = q**3 + 7*q**2 - 8*q. Let s be g(-7). Suppose 3*f = 7*f - s. What is the greatest common divisor of 21 and f?
7
Suppose 0 = p + 5*p - 144. Suppose -21 = -z + 5*s, -5*z - 2*s + 0*s + p = 0. Let o = 30 + -15. What is the greatest common divisor of o and z?
3
Suppose -u + m + 0*m + 368 = 0, -4*m = 3*u - 1104. Calculate the greatest common divisor of 46 and u.
46
Let n(l) = -l**3 + 11*l**2 + 13*l - 8. Let w be n(12). Suppose 4*i - 76 = -5*c, w + 1 = -5*i. Calculate the highest common divisor of c and 8.
8
Let d(l) = -l**3 - 2. Let u be d(0). Let y be u + (-2 - 6/2)*-3. Calculate the highest common factor of y and 13.
13
Suppose -4*z = 5*c - 2*c - 25, -4*z + 7 = -3*c. Let h be (-333)/(-12) + 1/z. Let x = -47 + 61. What is the highest common divisor of x and h?
14
Let q = 186 - 66. Suppose -120 = -4*z + 2*h, 0 = -4*z - 5*h - 0*h + q. Calculate the highest common divisor of z and 240.
30
Suppose -5*h = -h + 228. Let i = h + 111. Let c = 19 + -13. Calculate the highest common factor of i and c.
6
Suppose -3*k = 5*q - q - 105, -q = -2*k + 70. What is the highest common divisor of k and 1295?
35
Let m = 3 - 25. Let o be (-12)/16 - m/8. Let b(u) = 7*u**3 + u**2. Let x be b(o). What is the greatest common divisor of x and 12?
12
Let q be ((-54)/36)/(6/(-8)). Suppose 0 = -q*u - 2*u + 72. Suppose 2*c = 50 + u. Calculate the greatest common factor of c and 85.
17
Suppose 88 - 39 = f. What is the highest common divisor of 28 and f?
7
Let l be -3 + 48 + -5 + -1. Let h = 147 - 82. What is the highest common factor of h and l?
13
Suppose -9*s - 144 + 468 = 0. What is the greatest common divisor of s and 9?
9
Let w be (-6)/(-14) - 1096/(-56). Suppose -10 = -5*n + w. Let z be 32/14 - n/21. What is the highest common divisor of z and 22?
2
Let o be (32 - 5) + 0/1. Calculate the greatest common divisor of 54 and o.
27
Suppose -18*r = -r - 34. Suppose m = -m + 5*y + 61, -5*y + 11 = r*m. Let k = 2 + 16. Calculate the highest common divisor of k and m.
18
Let b be 225*(-1 - 10/(-6)). Let j be ((-2)/6)/((-10)/b). Let h be -10*(4 + -4 - 1). What is the greatest common divisor of h and j?
5
Let z be (-3)/(-45)*222*(-45)/(-18). Let g be 2/((-2)/(-588)*-2). Let w be (-2)/(-8) - g/8. Calculate the highest common divisor of z and w.
37
Let o be (-728)/(-98) + (0 - (-4)/7). Calculate the greatest common factor of 18 and o.
2
Let q = -79 + 84. Calculate the greatest common factor of q and 60.
5
Let d(r) = 2*r**3 - 9*r**2 + 10*r + 4. Let a be d(2). Let w(n) = -n**2 - n + 20. Let p be w(0). Calculate the highest common factor of p and a.
4
Let v(y) = -3*y**2 + 23*y. Let t be v(7). Let r be 9/(-6) + (-93)/(-6). Calculate the greatest common divisor of r and t.
14
Suppose -7*a = -560 + 203. Suppose a = 5*m - 14. What is the greatest common divisor of m and 52?
13
Let m = -259 + 407. Calculate the greatest common factor of 518 and m.
74
Suppose 5*p = 4*g + 4656, -g = -4*p + 3515 + 201. What is the highest common factor of p and 29?
29
Let k be -10*5/(-10) - -466. Let n = k + -247. Calculate the highest common factor of 14 and n.
14
Let q = -1738 - -1789. Let w = 3 - -14. What is the greatest common factor of q and w?
17
Suppose -8 = -2*t - 2. Suppose 4*w - 161 = -t*w. Calculate the highest common divisor of w and 207.
23
Suppose 0*c + 3*h + 238 = -5*c, 0 = h - 4. Let l = -71 - c. Let w = l + 31. What is the greatest common divisor of 70 and w?
10
Let z be (4/(-5))/(16 - 2178/135). Let p be (-1 + 0)*6/(-2). Calculate the highest common factor of z and p.
3
Suppose -4*h = -2*v + 110, -54 - 88 = -2*v - 4*h. Calculate the greatest common factor of v and 91.
7
Let f = -64